 + 3*l + 2*l. Let o be z(8). Is 2*(o/6 - -2) composite?
False
Let y(u) = -2*u - 6. Let l be y(-4). Suppose -l*d + 153 = d. Is d composite?
True
Let o be (-9)/(-4) + 1/(-4). Let x(r) = -7*r + r**3 + 6*r**2 - 1 + 2*r + 4 + 0*r**o. Is x(-6) prime?
False
Let o be (-143)/(-55) + 3/(-5). Is o/(-5) + 3674/10 a composite number?
False
Let b be 2*(-2)/(-4) + 1. Is (1 - 1) + 226/b composite?
False
Suppose 3*c = 5*m + 7*c + 26, 6 = 5*m - 4*c. Is (7/m)/((-1)/6) a prime number?
False
Let t(w) = w**3 + 3*w**2 - 2*w - 2. Let y be t(-3). Suppose y*x = -165 + 481. Is x composite?
False
Suppose -2*q + 299 = 69. Is q prime?
False
Let y = 6 + -6. Suppose -q = -y*q. Suppose 3*u = -q*u + 5*r + 157, u - 4*r = 43. Is u composite?
False
Suppose -2*i + 3 = -11. Suppose -2*f - 4*r + 44 = 0, -3*f - 4*r + i*r = -30. Is f composite?
True
Let h = -114 - -255. Suppose -s - 430 = 5*t, 3*t - s + 176 + 82 = 0. Let c = t + h. Is c composite?
True
Let y(u) = 120*u**3 - 3*u**2 - u - 7. Is y(3) a prime number?
True
Let k = 11 + -6. Suppose 3*h + 10 = 418. Suppose -k*i + h = -19. Is i a prime number?
True
Let a(m) = 31*m + 118. Is a(16) a composite number?
True
Let y(l) = 2*l**2 - 2. Let z be y(2). Let h = z - 4. Suppose h*d - 5*a - 100 = -3*d, -10 = d + 5*a. Is d a prime number?
False
Suppose 3*v - 3517 = -4*p + 106, 3*v - 4*p - 3655 = 0. Is v a composite number?
False
Is -7 - -2 - (-2816)/8 prime?
True
Let z(f) = -68*f + 1. Is z(-1) a composite number?
True
Suppose -g - 4*g + 70 = 0. Let l(u) = 3*u - 1. Let c be l(2). Is ((-35)/(-2))/c*g composite?
True
Let c be 6/(-15) - (-1576)/(-10). Let d = c - -273. Is d a prime number?
False
Let h be (24 - 13) + 0 + 0. Let r = 44 - h. Is r prime?
False
Suppose 0 = 4*k - a - 2 + 3, a - 10 = -5*k. Let c be (k/(-3))/((-3)/36). Suppose 0 = 6*s - s - 2*w - 281, 4*s = c*w + 232. Is s composite?
True
Suppose c + 3*c = 892. Is c a composite number?
False
Suppose j = -2*s + 4*s + 113, 5*s = j - 110. Is j composite?
True
Let g be -6*7 + 0 + 0. Let k = -11 - g. Is k prime?
True
Let u be 1/(2/(12 - 0)). Suppose 0 = -u*h + 2*h + 320. Suppose 0 = 4*q + 5*k - 2*k - 61, 5*k - h = -5*q. Is q a composite number?
False
Is 271/1 - 12*4/12 composite?
True
Suppose 7*v - 2082 = v. Is v a composite number?
False
Let t(p) = -3*p + 21. Let k be t(9). Let m = k + 53. Is m a composite number?
False
Let k(d) = 6*d**3 + 4 + 5*d**3 + 4*d**2 - 1 - 3*d. Is k(3) a composite number?
True
Is 9772/(-7)*15/(-12) a prime number?
False
Let q(z) = -z - z**2 + 4 - 2*z - 2*z. Let k be q(-6). Is k/11 - 2930/(-22) a composite number?
True
Let z(i) = i**3 - 7*i**2 - 2. Let d be z(7). Suppose -l - 2*y - 3*y = -3, -l = 3*y - 5. Is ((-6)/l)/(d/56) a composite number?
True
Is ((-66)/(-3))/(216/106 + -2) composite?
True
Suppose 0 = -z + 2 + 45. Suppose 5*i - 64 = -4*v + z, 0 = 4*i - 5*v - 97. Let o = i + -12. Is o composite?
False
Suppose -85*a + 86*a = 1223. Is a composite?
False
Suppose -p + 6 = 3*k, -4*p - 5*k = p. Let m be (-2)/(-3) - 283/p. Let t = m - 36. Is t prime?
True
Suppose 0 = 4*c - 263 - 45. Is c prime?
False
Let c(v) = v**3 + 17*v**2 + 13*v - 2. Let n be c(-15). Let f = n + -86. Is f prime?
True
Suppose 5*p - 4*y = 45, -4*p = -4*y - 27 - 13. Suppose p*m = 3*m + 470. Suppose -5*b - 60 + m = 0. Is b a composite number?
True
Let m = 523 - -384. Is m prime?
True
Let v(c) = -40*c + 3. Let n(r) = -119*r + 10. Let p(s) = 4*n(s) - 14*v(s). Let h(q) = -1. Let b(a) = -3*h(a) + p(a). Is b(1) a prime number?
False
Suppose -4*d = 2*x - 44, -3*d - 64 = -7*d + 3*x. Suppose -2 + d = -i - 2*n, -5*i = -3*n + 107. Let f = i - -70. Is f a composite number?
True
Let p = 318 - 159. Is p prime?
False
Let p = -3 - -11. Suppose 3*n - p = 37. Is n composite?
True
Suppose n - 1 = 2*q - 33, 0 = q - 4*n - 16. Suppose q = v - 115. Is v a composite number?
False
Suppose -2*d + 3*d - 3 = 0. Suppose -278 = -3*c - 5*h, d*h - 185 = -0*c - 2*c. Is c prime?
False
Is ((-11)/2)/((-1)/134) composite?
True
Suppose 3*u = 7*u - 2692. Is u composite?
False
Let c = 52 - 29. Is c a composite number?
False
Let i(b) be the second derivative of b**5/20 - 4*b**4/3 + 8*b**3/3 + 4*b. Is i(15) composite?
True
Let k(a) = a - 5. Let y be k(10). Suppose -x - y = 3*u + 4, 5*u + 35 = 5*x. Is (-2)/2 - (-258)/x composite?
True
Suppose 3*a + a + 31 = -3*q, 3*a = -q - 12. Let z = 104 - q. Suppose 155 = 4*v + b - z, -67 = -v + 2*b. Is v a composite number?
False
Suppose -1593 = 4*p - 5365. Is p a prime number?
False
Let c be (15/(-1))/(9/(-18)). Let m = 47 + c. Is m a composite number?
True
Suppose 47 = 5*u + 3*f, 2*u - 22 = -3*f + 4. Let k(x) = x**2 - 6. Is k(u) composite?
False
Let k = 353 + -240. Is k a prime number?
True
Is (-4)/(-10) - 17199/(-15) prime?
False
Let i(q) = 2*q**2 + 5*q + 7. Is i(-3) a composite number?
True
Suppose -2*k + 6 = k. Let d(l) = -l**3 - 1. Let n be d(0). Is (k/(-4))/(n/20) prime?
False
Let o = 0 - 3. Let k(h) = h**2 + h - 2. Is k(o) a composite number?
True
Let l be (-5*2)/2 + 3. Is 140 - (-2)/(-4)*l prime?
False
Let n(q) = -788*q**3 - q**2 + q + 1. Is n(-1) prime?
True
Suppose 0 = -f + 3*f + 4*k - 1486, 0 = -5*k - 20. Is f a composite number?
False
Suppose d = 3*z - 18 - 4, d - 2 = -z. Suppose 5*v - 8*v = -42. Is 8/z*399/v composite?
True
Let c = -16 + 22. Suppose f - 71 = -5*u - c, 3*f = -3*u + 51. Suppose -k + u = k. Is k composite?
True
Suppose -12 = -0*p - 4*p. Suppose 4*i - 1533 = 3*t, -p*i = 3*t - 5*i + 1527. Is t/(-6) + 2/4 a composite number?
True
Let x = -37 + 77. Let q = x - 18. Is q prime?
False
Let n = 6 + -9. Is 2 + (-2 - n) - -19 a composite number?
True
Let z be (-2 - -2) + 5/1. Suppose -2*q = z*w - 74 - 46, -85 = -5*w + 5*q. Is w a prime number?
False
Suppose 2*b = -a + 1367, -a - 5*b + 842 + 534 = 0. Is a prime?
True
Let z be (-12)/(-30) + (-18)/(-5). Is 7*(z - (0 - 1)) prime?
False
Let b = 1222 - -337. Is b a prime number?
True
Suppose -82 = -2*v + 96. Is v prime?
True
Let g = 7 + -4. Suppose j = -4*n + 376, -7*n + 463 = -2*n + g*j. Is n composite?
True
Suppose 3*g - 358 = -d, -20 = -3*g - 4*d + 323. Is g a prime number?
False
Let d(y) = -y**2 + 4*y + 1. Let c be d(3). Let p be c/20 - (-12)/(-10). Is (-4)/(-2) - -3 - p a prime number?
False
Is 4993/1 + 6/1 composite?
False
Let c(b) = b + 5. Let f be c(-5). Let m be (-49 - f) + (5 - 3). Let x = 30 - m. Is x composite?
True
Suppose -2270 = -6*i + 976. Is i a composite number?
False
Let u(v) = -v**3 - 15*v**2 - 20*v - 7. Is u(-14) composite?
True
Let d be 4*-1*(-124)/8. Suppose -d = -4*g - 6. Is g composite?
True
Let a(c) = 373*c + 28. Is a(3) prime?
False
Let y(l) be the second derivative of -29*l**3/3 - 3*l. Is y(-1) prime?
False
Suppose 3*v + 1340 = 4*t + v, 3*t + 5*v = 1031. Is t composite?
False
Suppose -2*k + 0*k = 3*h - 5, -k + 3*h = -7. Suppose -k*a + 84 + 160 = 0. Let n = a + 34. Is n prime?
False
Suppose 3*g - 6*g = -111. Is g a prime number?
True
Let t(h) be the second derivative of h**5/20 - h**4/12 - h**3/6 - h. Let d be t(0). Is 1 + d - (-256 - 2) prime?
False
Suppose 3*t - m = 1401, 0 = -3*t + 4*t - 2*m - 467. Is t prime?
True
Let k = 8 - -16. Is 6064/k + (-2)/(-6) a composite number?
True
Suppose -5*a - 14 = 26. Let s be 623/4 + (-2)/a. Suppose 6*l = 2*l + s. Is l a composite number?
True
Let c(r) = 7*r**2 - 3*r + 2. Let p be (2/(-6))/((-8)/(-72)). Is c(p) a composite number?
True
Suppose 0 = 2*u + 3*q + 13, 8 + 4 = 2*u - 2*q. Let p(w) = w + 5. Let d be p(-3). Is ((-1)/d*-134)/u a prime number?
True
Let y = -10 + 15. Let l(i) = -i**3 + 4*i**2 - 3*i. Let n be l(2). Suppose -n*t + 79 = y. Is t a composite number?
False
Suppose -2*f - 2*y + 4934 = 2*f, 4*f - 4932 = -4*y. Suppose 4*i - 1002 = f. Is i a composite number?
True
Let l(r) be the third derivative of 7*r**5/30 + r**4/12 + r**3/6 + r**2. Is l(-2) composite?
False
Suppose 86 = -2*f - 40. Let c = 100 + f. Is c a composite number?
False
Suppose -i - 2*i + 2130 = 0. Suppose 5*s = -i + 5185. Is s prime?
False
Suppose 28 = -3*l + 10. Let z(b) = 3*b + 5. Let p(d) = -3*d - 6. Let y(i) = 3*p(i) + 2*z(i). Is y(l) a composite number?
True
Let a(t) be the third derivative of t**6/120 + t**5/5 + 7*t**4/24 - 11*t**3/6 + 2*t**2. Is a(-10) a prime number?
False
Let f(b) = -b**3 - 10*b**2 - 17*b - 17. Is f(-11) a prime number?
False
Is 1390/16 + 3/24 composite?
True
Let q(g) = -g**3 